217940?
9
What is the millions digit of 422991540?
2
What is the hundred thousands digit of 30851114?
8
What is the millions digit of 8162936?
8
What is the hundred millions digit of 1340968584?
3
What is the hundred thousands digit of 2817553575?
5
What is the units digit of 3578796484?
4
What is the units digit of 614512610?
0
What is the tens digit of 5537951?
5
What is the hundred thousands digit of 1505521359?
5
What is the millions digit of 28760576?
8
What is the ten millions digit of 3366324952?
6
What is the hundred millions digit of 2512739998?
5
What is the thousands digit of 21010658?
0
What is the hundred thousands digit of 3383454692?
4
What is the millions digit of 2423787285?
3
What is the tens digit of 3812152887?
8
What is the ten millions digit of 1841541240?
4
What is the hundreds digit of 1722227862?
8
What is the ten thousands digit of 1198267835?
6
What is the hundred thousands digit of 1855486797?
4
What is the hundred thousands digit of 1028683484?
6
What is the units digit of 1606376835?
5
What is the hundred thousands digit of 4244223?
2
What is the units digit of 80203407?
7
What is the tens digit of 103520758?
5
What is the ten millions digit of 912456007?
1
What is the hundred millions digit of 620442911?
6
What is the thousands digit of 64986013?
6
What is the hundred millions digit of 179434579?
1
What is the ten millions digit of 19158855?
1
What is the millions digit of 3758561147?
8
What is the hundred thousands digit of 23304565?
3
What is the thousands digit of 2067074503?
4
What is the tens digit of 60791880?
8
What is the hundred millions digit of 159202802?
1
What is the ten thousands digit of 796462092?
6
What is the billions digit of 3160128919?
3
What is the ten millions digit of 57532870?
5
What is the thousands digit of 6645835135?
5
What is the tens digit of 2456927161?
6
What is the hundred millions digit of 5415148269?
4
What is the hundred millions digit of 418860679?
4
What is the units digit of 1841296298?
8
What is the ten thousands digit of 346849403?
4
What is the hundred thousands digit of 522184166?
1
What is the thousands digit of 105154?
5
What is the hundreds digit of 43633794?
7
What is the hundred millions digit of 635927180?
6
What is the ten millions digit of 391014432?
9
What is the ten millions digit of 470112263?
7
What is the millions digit of 2610774?
2
What is the hundreds digit of 2903408831?
8
What is the hundreds digit of 153590438?
4
What is the hundred thousands digit of 34848042?
8
What is the millions digit of 1082535918?
2
What is the thousands digit of 339536920?
6
What is the ten thousands digit of 177630436?
3
What is the hundred thousands digit of 65510727?
5
What is the units digit of 209925273?
3
What is the thousands digit of 40804362?
4
What is the billions digit of 6184318079?
6
What is the units digit of 111800580?
0
What is the units digit of 35628859?
9
What is the units digit of 6045561296?
6
What is the ten millions digit of 274959943?
7
What is the hundreds digit of 2959760594?
5
What is the ten thousands digit of 1734892213?
9
What is the thousands digit of 2015978615?
8
What is the units digit of 1655357987?
7
What is the ten millions digit of 579235413?
7
What is the hundreds digit of 16551344?
3
What is the ten thousands digit of 68770236?
7
What is the millions digit of 78761464?
8
What is the ten millions digit of 1664949622?
6
What is the thousands digit of 64015080?
5
What is the hundreds digit of 116732695?
6
What is the hundreds digit of 63536150?
1
What is the ten thousands digit of 211672701?
7
What is the ten thousands digit of 408408638?
0
What is the ten thousands digit of 1032184652?
8
What is the ten thousands digit of 148238566?
3
What is the millions digit of 528012455?
8
What is the hundred millions digit of 602025345?
6
What is the hundred thousands digit of 2314254749?
2
What is the ten thousands digit of 303981117?
8
What is the millions digit of 29666306?
9
What is the thousands digit of 19690493?
0
What is the thousands digit of 6633571905?
1
What is the hundred millions digit of 210228939?
2
What is the hundred thousands digit of 52122609?
1
What is the hundred millions digit of 899301632?
8
What is the millions digit of 243311781?
3
What is the millions digit of 47119896?
7
What is the tens digit of 285684129?
2
What is the hundreds digit of 288618980?
9
What is the millions digit of 60670964?
0
What is the hundreds digit of 84655410?
4
What is the ten millions digit of 14554512?
1
What is the millions digit of 210741804?
0
What is the hundred thousands digit of 565589350?
5
What is the hundred thousands digit of 702695709?
6
What is the ten millions digit of 51690136?
5
What is the hundred thousands digit of 918948183?
9
What is the hundreds digit of 65296945?
9
What is the hundred millions digit of 4610832020?
6
What is the units digit of 27664432?
2
What is the thousands digit of 1927224442?
4
What is the tens digit of 1288755386?
8
What is the units digit of 572067744?
4
What is the millions digit of 657777397?
7
What is the tens digit of 73293559?
5
What is the thousands digit of 323902539?
2
What is the ten thousands digit of 1581912095?
1
What is the units digit of 334540206?
6
What is the ten thousands digit of 477005201?
0
What is the hundred millions digit of 228078495?
2
What is the millions digit of 878475142?
8
What is the ten thousands digit of 51658974?
5
What is the hundreds digit of 1062512321?
3
What is the millions digit of 62090707?
2
What is the ten millions digit of 140122584?
4
What is the thousands digit of 83185237?
5
What is the hundred millions digit of 399772203?
3
What is the hundred millions digit of 3455848252?
4
What is the millions digit of 3501568117?
1
What is the hundred thousands digit of 1989972505?
9
What is the hundreds digit of 52253083?
0
What is the ten millions digit of 10024929?
1
What is the thousands digit of 150632211?
2
What is the tens digit of 60838085?
8
What is the hundred millions digit of 6359778272?
3
What is the thousands digit of 92598594?
8
What is the millions digit of 48958456?
8
What is the ten thousands digit of 617412900?
1
What is the hundred millions digit of 157073690?
1
What is the tens digit of 984851943?
4
What is the ten millions digit of 3472244233?
7
What is the hundreds digit of 88674560?
5
What is the tens digit of 204696090?
9
What is the millions digit of 394417894?
4
What is the hundreds digit of 864218125?
1
What is the units digit of 699216818?
8
What is the millions digit of 2099097779?
9
What is the millions digit of 40169242?
0
What is the tens digit of 3035124179?
7
What is the ten thousands digit of 3853733737?
3
What is the ten thousands digit of 62225308?
2
What is the units digit of 10530218?
8
What is the ten millions digit of 282058465?
8
What is the tens digit of 646071463?
6
What is the ten thousands digit of 411515004?
1
What is the hundreds digit of 3719726?
7
What is the ten thousands digit of 150616422?
1
What is the tens digit of 2076260250?
5
What is the hundred thousands digit of 2822278281?
2
What is the hundred millions digit of 5982934122?
9
What is the ten thousands digit of 635692269?
9
What is the millions digit of 3239620910?
9
What is the hundred thousands digit of 316726376?
7
What is the millions digit of 1724424481?
4
What is the ten thousands digit of 197677912?
7
What is the thousands digit of 1315221893?
1
What is the ten thousands digit of 333784565?
8
What is the hundreds digit of 5389406496?
4
What is the millions digit of 783247197?
3
What is the ten thousands digit of 805785190?
8
What is the hundreds digit of 1051514530?
5
What is the hundred thousands digit of 1182247200?
2
What is the millions digit of 36209060?
6
What is the ten thousands digit of 89700994?
0
What is the ten thousands digit of 86550200?
5
What is the ten thousands digit of 38410237?
1
What is the thousands digit of 24360157?
0
What is the hundred thousands digit of 17830499?
8
What is the thousands digit of 636711183?
1
What is the hundred millions digit of 687604029?
6
What is the ten millions digit of 171700466?
7
What is the hundreds digit of 1863932568?
5
What is the hundred millions digit of 570039043?
5
What is the hundreds digit